416
In base 4, what is 1301030 - 0?
1301030
In base 5, what is 314 + -3?
311
In base 12, what is 1 + -6bb?
-6ba
In base 15, what is 0 + 4d0?
4d0
In base 2, what is -111011 + -1011010?
-10010101
In base 12, what is -146 - -9?
-139
In base 15, what is -90 - -5?
-8a
In base 2, what is 1110 + 1001011?
1011001
In base 3, what is 21 - 120?
-22
In base 11, what is 61 - -2?
63
In base 5, what is 1004 + 1?
1010
In base 16, what is 39a6 - 1?
39a5
In base 12, what is 91 + 1?
92
In base 11, what is -268 + 3?
-265
In base 5, what is 140 - -1041?
1231
In base 2, what is -1101010 + 100?
-1100110
In base 5, what is -30 - -41?
11
In base 11, what is 598 + 3?
5a0
In base 15, what is -3 + 214?
211
In base 15, what is 1ca + -7?
1c3
In base 14, what is 9 - -27?
32
In base 6, what is 530 - -4?
534
In base 10, what is -2663 - 5?
-2668
In base 8, what is 201 + -23?
156
In base 14, what is 4 - -4?
8
In base 5, what is -10022 + 2?
-10020
In base 6, what is 5 + -423?
-414
In base 3, what is 2 - 1121?
-1112
In base 7, what is -36 + -111?
-150
In base 8, what is 27 - 3?
24
In base 3, what is 21111 - -1?
21112
In base 5, what is 331 + 3?
334
In base 5, what is 1130 - 3?
1122
In base 8, what is 34 - -1?
35
In base 4, what is 1 + -2233?
-2232
In base 13, what is -33 + -6?
-39
In base 3, what is -10 + 111020?
111010
In base 6, what is 4 + -10?
-2
In base 9, what is 13 - 4?
8
In base 16, what is 24 - -75?
99
In base 13, what is 1441 - -1?
1442
In base 8, what is -165 + -11?
-176
In base 15, what is 9a + c?
a7
In base 3, what is -101122101 - 0?
-101122101
In base 15, what is e + 44?
53
In base 6, what is -3 + -100?
-103
In base 5, what is -1144 + 10?
-1134
In base 2, what is 101 - -11100011?
11101000
In base 11, what is 2 - 135?
-133
In base 13, what is 30 - 212?
-1b2
In base 12, what is -275 + 1?
-274
In base 7, what is -541 + 5?
-533
In base 12, what is -252 + -5?
-257
In base 14, what is 5 - 5b?
-56
In base 11, what is -271 + -3?
-274
In base 8, what is -3 + -2?
-5
In base 7, what is 3 - 35?
-32
In base 11, what is -10 + -1399?
-13a9
In base 9, what is -460 - -7?
-452
In base 9, what is -4 + 80?
75
In base 8, what is 3 + 473?
476
In base 16, what is -20 + -c?
-2c
In base 11, what is -255 - -5?
-250
In base 6, what is 100 - 3?
53
In base 14, what is 7 - 147?
-140
In base 2, what is -101011 + 101101?
10
In base 8, what is -4 - 426?
-432
In base 4, what is -211 + -3?
-220
In base 7, what is -4 - -42524?
42520
In base 3, what is -102210222 - 12?
-102211011
In base 8, what is -245 - -14?
-231
In base 8, what is 176 - 1?
175
In base 9, what is -4 - 57?
-62
In base 8, what is -4 - 101?
-105
In base 6, what is 24 - -1?
25
In base 11, what is 3 + -22?
-1a
In base 16, what is -26 - -2a?
4
In base 4, what is -30323 - -33?
-30230
In base 7, what is -3 + 3025?
3022
In base 5, what is -11 + -202?
-213
In base 16, what is -a29 - 3?
-a2c
In base 2, what is -1101000111101 - 10?
-1101000111111
In base 8, what is -3 - 3071?
-3074
In base 5, what is 3 - 434?
-431
In base 11, what is -3 + 1714?
1711
In base 7, what is 2 - -3042?
3044
In base 4, what is -12130 - 311?
-13101
In base 16, what is -9f + 5?
-9a
In base 15, what is 35 + 0?
35
In base 4, what is -3 - 203?
-212
In base 11, what is 10100 - 2?
100a9
In base 16, what is 58 - 84?
-2c
In base 14, what is 177 + -29?
14c
In base 7, what is 10002 - -4?
10006
In base 4, what is 1 + -31?
-30
In base 5, what is 12 - -130?
142
In base 8, what is -6571 - -2?
-6567
In base 13, what is 1 + 285?
286
In base 4, what is -30 - 10?
-100
In base 8, what is -2 + -2637?
-2641
In base 2, what is -110001000 + 100?
-110000100
In base 8, what is -12 - -712?
700
In base 7, what is -25 - -4260?
4232
In base 14, what is -d - -78c?
77d
In base 12, what is 34 + -12?
22
In base 13, what is -3c - -14?
-28
In base 5, what is 31300 - -12?
31312
In base 3, what is -12 + 2111022?
2111010
In base 8, what is -353 - -7?
-344
In base 16, what is e + -7?
7
In base 2, what is 100 - 111101?
-111001
In base 8, what is 242 - 32?
210
In base 16, what is b - 55?
-4a
In base 8, what is 1456 - 3?
1453
In base 3, what is 2000010 - -2?
2000012
In base 7, what is -145 + -15?
-163
In base 15, what is 1 - -ce?
d0
In base 8, what is -23 - 171?
-214
In base 14, what is 1 + a07?
a08
In base 3, what is 11 + -1002?
-221
In base 15, what is 5a6 + -3?
5a3
In base 15, what is 4 - 740?
-73b
In base 8, what is -3737 - 4?
-3743
In base 3, what is 1002021 + 10?
1002101
In base 5, what is 3 - -113301?
113304
In base 7, what is 5 + 124?
132
In base 13, what is -37 - -23?
-14
In base 2, what is -1100 + 11000111?
10111011
In base 6, what is -5 + 2403?
2354
In base 4, what is -11 + 3131?
3120
In base 14, what is 4 + 3a7?
3ab
In base 10, what is -96 + -3?
-99
In base 3, what is 11121 + -121?
11000
In base 14, what is 4 - -8?
c
In base 14, what is -21a31 + 1?
-21a30
In base 10, what is -201 + 3?
-198
In base 3, what is 22 - 1000?
-201
In base 3, what is 12111220 - -12?
12112002
In base 11, what is -872 + 4?
-869
In base 4, what is 1 + -2101?
-2100
In base 6, what is -1041 + -112?
-1153
In base 8, what is 160 - -7?
167
In base 9, what is 17 - -217?
235
In base 14, what is -1 + -193?
-194
In base 8, what is 20 + 0?
20
In base 12, what is -5 - 15?
-1a
In base 13, what is a - ba?
-b0
In base 9, what is 1652 + -1?
1651
In base 4, what is -203333 + 3?
-203330
In base 13, what is -b6 - -1?
-b5
In base 8, what is 1 - 1061?
-1060
In base 6, what is 30 + -1151?
-1121
In base 10, what is -281 + -3?
-284
In base 5, what is -1 + 40?
34
In base 5, what is 1020 - 0?
1020
In base 13, what is 8 + -235?
-22a
In base 14, what is -17a + 4?
-176
In base 8, what is -664 + -4?
-670
In base 15, what is -de - 9?
-e8
In base 12, what is 1479 + -3?
1476
In base 9, what is 222 - -2?
224
In base 7, what is -445 - 0?
-445
In base 9, what is -4 + -137?
-142
In base 6, what is -3 - 45?
-52
In base 14, what is -b72 + -3?
-b75
In base 9, what is 3 - -746?
750
In base 12, what is -1 - -41a?
419
In base 8, what is -712 - 17?
-731
In base 11, what is -18 - 5?
-22
In base 14, what is 3 + 28?
2b
In base 13, what is -155 + -15?
-16a
In base 11, what is 100 - 0?
100
In base 9, what is 506 - 12?
484
In base 4, what is 10 + 113?
123
In base 15, what is d + 8a?
98
In base 7, what is -3 + 33?
30
In base 2, what is 100 - 10100100?
-10100000
In base 12, what is -587 - 1?
-588
In base 14, what is 4 - -a0?
a4
In base 9, what is 56 - -15?
72
In base 7, what is -156 + -6?
-165
In base 9, what is 542 - -2?
544
In base 11, what is 3 + -58?
-55
In base 13, what is 8 - -5?
10
In base 2, what is -1001001111 - -1111?
-1001000000
In base 9, what is -1436 + -5?
-1442
In base 6, what is -40012 + 3?
-40005
In base 8, what is 154 - 5?
147
In base 11, what is -5a4 - -4?
-5a0
In base 16, what is 2 - 8a?
-88
In base 2, what is 1110001101 - -100?
1110010001
In base 7, what is 111 + 31?
142
In base 10, what is -2573 - 0?
-2573
In base 7, what is -2 - -1204?
1202
In base 5, what is 0 + -44?
-44
In base 10, what is -1298 + -3?
-1301
In base 4, what is -10223 + 2?
-10221
In base 5, what is 20033 - 12?
20021
In base 7, what is -103 + 12?
-61
In base 6, what is 2 + 313?
315
In base 4, what is -2 + 10011?
10003
In base 11, what is -466 + 1?
-465
In base 9, what is -4638 + 5?
-4633
In base 15, what is 3ee - -1?
400
In base 13, what is -9 + -67?
-73
In base 5, what is -3 - -10230?
10222
In base 13, what is -14a + 0?
-14a
In base 6, what is -30 + 513?
443
In base 12, what is 14 + -26?
-12
In base 2, what is 1010 + -100011010?
-100010000
In base 6, what is -10 - 3235?
-3245
In base 11, what is 2 + -1?
1
In base 3, what is 10 + -1002111?
-1002101
In base 14, what is 4a3 + -4?
49d
In base 3, what is -200110200 - 1?
-200110201
In base 8, what is -31 + -24?
-55
In base 15, what is 0 - -24?
24
In base 10, what is -332 + -6?
-338
In base 16, what is 19c + f?
1ab
In base 3, what is 10 + -1010012?
-1010002
In base 4, what is 1120 - -2?
1122
In base 16, what is -3454 + 3?
-3451
In base 8, what is -1 + -373?
-374
In base 15, what is 14c4 - -2?
14c6
In base 3, what is 101111 - -10?
101121
In base 12, what is -7 - -291?
286
In base 7, what is -214 - 51?
-265
In base 12, what is 330 + -5?
327
In base 3, what is 201 - -1200?
2101
In base 9, what is 26 + -66?
-40
In base 2, what is -1010110001111